{"id":2,"date":"2015-10-21T15:36:38","date_gmt":"2015-10-21T13:36:38","guid":{"rendered":"\/?page_id=2"},"modified":"2023-05-19T20:03:34","modified_gmt":"2023-05-19T18:03:34","slug":"aboutus","status":"publish","type":"page","link":"https:\/\/www.fotokunst-unterweser.de\/wordpress\/aboutus\/","title":{"rendered":"\u00dcber uns"},"content":{"rendered":"<p><a href=\"https:\/\/www.fotokunst-unterweser.de\/wordpress\/wp-content\/uploads\/2015\/10\/DSC5354.jpg\"><img loading=\"lazy\" decoding=\"async\" class=\"alignnone size-full wp-image-86\" src=\"https:\/\/www.fotokunst-unterweser.de\/wordpress\/wp-content\/uploads\/2015\/10\/DSC5354.jpg\" alt=\"Bremerhaven, die Heimat der fotokunst unterweser\" width=\"1920\" height=\"789\" srcset=\"https:\/\/www.fotokunst-unterweser.de\/wordpress\/wp-content\/uploads\/2015\/10\/DSC5354.jpg 1920w, https:\/\/www.fotokunst-unterweser.de\/wordpress\/wp-content\/uploads\/2015\/10\/DSC5354-300x123.jpg 300w, https:\/\/www.fotokunst-unterweser.de\/wordpress\/wp-content\/uploads\/2015\/10\/DSC5354-768x316.jpg 768w, https:\/\/www.fotokunst-unterweser.de\/wordpress\/wp-content\/uploads\/2015\/10\/DSC5354-1024x421.jpg 1024w\" sizes=\"auto, (max-width: 1920px) 100vw, 1920px\" \/><\/a><\/p>\n<p>Im Juni 2016 hatte Alinda Heinrichs die Idee, mit ihren &#8222;digitalen&#8220; Fotofreunden den Schritt in die analoge Welt zu gehen und eine Ausstellung zu organisieren. Durch diese Anregung haben sich 10 Fotofreunde, die sich allesamt aus den sozialen Netzwerken kennen, zum Projekt &#8222;fotokunst unterweser&#8220; zusammen gefunden. Das &#8222;analoge&#8220; Einzugsgebiet der Gruppe ist die Unterweser-Region mit dem Schwerpunkt Bremerhaven. Das k\u00fcnstlerische Einzugsgebiet reicht dagegen &#8222;von bis&#8220;.<\/p>\n<p>Was uns eint, ist der individuelle Blick auf die Motive der Unterweser-Region. Ausgehend von Bremerhaven finden wir sie in der Region von Bremen bis Cuxhaven. Jeder von uns sieht dabei im gleichen Motiv etwas anderes, arbeitet seine Sicht der Dinge heraus: Bei Tages-<br \/>\noder bei Nachtlicht, im Detail oder in der \u00dcbersicht, digital oder analog. So ergibt sich eine Vielfalt der Betrachtung, die interessant, die manchmal ungewohnt ist, die zum Verweilen und Anschauen einl\u00e4dt.<\/p>\n<p>Wir sind weder eine typische Fotogruppe noch ein klassischer Fotostammtisch, sondern eine von den M\u00f6glichkeiten der sozialen Netzwerke gepr\u00e4gte Gemeinschaft. Wir haben gemeinsam viel Spa\u00df und Freude an der Fotokunst und so ist manchmal auch der Weg das Ziel. In jedem Fall aber z\u00e4hlt f\u00fcr uns die Wirkung eines Bildes und nicht etwa eine &#8222;\u00fcberperfekte&#8220; Bearbeitung, die bisweilen den Fotos Charme und Charakter nimmt.<\/p>\n<p>Online treffen wir uns t\u00e4glich, analog in regelm\u00e4\u00dfigen Abst\u00e4nden im Kultur- und Kreativzentrum <a href=\"http:\/\/www.fischkai57.de\/aktuell\" target=\"_blank\" rel=\"noopener noreferrer\">Fischkai 57<\/a> im Fischereihafen von Bremerhaven.<\/p>\n","protected":false},"excerpt":{"rendered":"<p>Im Juni 2016 hatte Alinda Heinrichs die Idee, mit ihren &#8222;digitalen&#8220; Fotofreunden den Schritt in die analoge Welt zu gehen und eine Ausstellung zu organisieren. Durch diese Anregung haben sich [&hellip;]<\/p>\n","protected":false},"author":1,"featured_media":0,"parent":0,"menu_order":0,"comment_status":"closed","ping_status":"open","template":"","meta":{"ngg_post_thumbnail":0,"footnotes":""},"class_list":["post-2","page","type-page","status-publish","hentry"],"yoast_head":"<!-- This site is optimized with the Yoast SEO plugin v24.7 - https:\/\/yoast.com\/wordpress\/plugins\/seo\/ -->\n<title>\u00dcber uns - fotokunst unterweser<\/title>\n<meta name=\"robots\" content=\"index, follow, max-snippet:-1, max-image-preview:large, max-video-preview:-1\" \/>\n<link rel=\"canonical\" href=\"https:\/\/www.fotokunst-unterweser.de\/wordpress\/aboutus\/\" \/>\n<meta property=\"og:locale\" content=\"de_DE\" \/>\n<meta property=\"og:type\" content=\"article\" \/>\n<meta property=\"og:title\" content=\"\u00dcber uns - fotokunst unterweser\" \/>\n<meta property=\"og:description\" content=\"Im Juni 2016 hatte Alinda Heinrichs die Idee, mit ihren &#8222;digitalen&#8220; Fotofreunden den Schritt in die analoge Welt zu gehen und eine Ausstellung zu organisieren. Durch diese Anregung haben sich [&hellip;]\" \/>\n<meta property=\"og:url\" content=\"https:\/\/www.fotokunst-unterweser.de\/wordpress\/aboutus\/\" \/>\n<meta property=\"og:site_name\" content=\"fotokunst unterweser\" \/>\n<meta property=\"article:publisher\" content=\"https:\/\/www.facebook.com\/fotokunstunterweser\/\" \/>\n<meta property=\"article:modified_time\" content=\"2023-05-19T18:03:34+00:00\" \/>\n<meta property=\"og:image\" content=\"http:\/\/www.fotokunst-unterweser.de\/wordpress\/wp-content\/uploads\/2015\/10\/DSC5354.jpg\" \/>\n<meta name=\"twitter:card\" content=\"summary_large_image\" \/>\n<meta name=\"twitter:label1\" content=\"Gesch\u00e4tzte Lesezeit\" \/>\n\t<meta name=\"twitter:data1\" content=\"1\u00a0Minute\" \/>\n<script type=\"application\/ld+json\" class=\"yoast-schema-graph\">{\"@context\":\"https:\/\/schema.org\",\"@graph\":[{\"@type\":\"WebPage\",\"@id\":\"https:\/\/www.fotokunst-unterweser.de\/wordpress\/aboutus\/\",\"url\":\"https:\/\/www.fotokunst-unterweser.de\/wordpress\/aboutus\/\",\"name\":\"\u00dcber uns - fotokunst unterweser\",\"isPartOf\":{\"@id\":\"https:\/\/www.fotokunst-unterweser.de\/wordpress\/#website\"},\"primaryImageOfPage\":{\"@id\":\"https:\/\/www.fotokunst-unterweser.de\/wordpress\/aboutus\/#primaryimage\"},\"image\":{\"@id\":\"https:\/\/www.fotokunst-unterweser.de\/wordpress\/aboutus\/#primaryimage\"},\"thumbnailUrl\":\"http:\/\/www.fotokunst-unterweser.de\/wordpress\/wp-content\/uploads\/2015\/10\/DSC5354.jpg\",\"datePublished\":\"2015-10-21T13:36:38+00:00\",\"dateModified\":\"2023-05-19T18:03:34+00:00\",\"breadcrumb\":{\"@id\":\"https:\/\/www.fotokunst-unterweser.de\/wordpress\/aboutus\/#breadcrumb\"},\"inLanguage\":\"de\",\"potentialAction\":[{\"@type\":\"ReadAction\",\"target\":[\"https:\/\/www.fotokunst-unterweser.de\/wordpress\/aboutus\/\"]}]},{\"@type\":\"ImageObject\",\"inLanguage\":\"de\",\"@id\":\"https:\/\/www.fotokunst-unterweser.de\/wordpress\/aboutus\/#primaryimage\",\"url\":\"http:\/\/www.fotokunst-unterweser.de\/wordpress\/wp-content\/uploads\/2015\/10\/DSC5354.jpg\",\"contentUrl\":\"http:\/\/www.fotokunst-unterweser.de\/wordpress\/wp-content\/uploads\/2015\/10\/DSC5354.jpg\"},{\"@type\":\"BreadcrumbList\",\"@id\":\"https:\/\/www.fotokunst-unterweser.de\/wordpress\/aboutus\/#breadcrumb\",\"itemListElement\":[{\"@type\":\"ListItem\",\"position\":1,\"name\":\"Startseite\",\"item\":\"https:\/\/www.fotokunst-unterweser.de\/wordpress\/\"},{\"@type\":\"ListItem\",\"position\":2,\"name\":\"\u00dcber uns\"}]},{\"@type\":\"WebSite\",\"@id\":\"https:\/\/www.fotokunst-unterweser.de\/wordpress\/#website\",\"url\":\"https:\/\/www.fotokunst-unterweser.de\/wordpress\/\",\"name\":\"fotokunst unterweser\",\"description\":\"\",\"publisher\":{\"@id\":\"https:\/\/www.fotokunst-unterweser.de\/wordpress\/#organization\"},\"potentialAction\":[{\"@type\":\"SearchAction\",\"target\":{\"@type\":\"EntryPoint\",\"urlTemplate\":\"https:\/\/www.fotokunst-unterweser.de\/wordpress\/?s={search_term_string}\"},\"query-input\":{\"@type\":\"PropertyValueSpecification\",\"valueRequired\":true,\"valueName\":\"search_term_string\"}}],\"inLanguage\":\"de\"},{\"@type\":\"Organization\",\"@id\":\"https:\/\/www.fotokunst-unterweser.de\/wordpress\/#organization\",\"name\":\"fotokunst unterweser\",\"url\":\"https:\/\/www.fotokunst-unterweser.de\/wordpress\/\",\"logo\":{\"@type\":\"ImageObject\",\"inLanguage\":\"de\",\"@id\":\"https:\/\/www.fotokunst-unterweser.de\/wordpress\/#\/schema\/logo\/image\/\",\"url\":\"https:\/\/www.fotokunst-unterweser.de\/wordpress\/wp-content\/uploads\/2017\/02\/Logo_300px.jpg\",\"contentUrl\":\"https:\/\/www.fotokunst-unterweser.de\/wordpress\/wp-content\/uploads\/2017\/02\/Logo_300px.jpg\",\"width\":293,\"height\":124,\"caption\":\"fotokunst unterweser\"},\"image\":{\"@id\":\"https:\/\/www.fotokunst-unterweser.de\/wordpress\/#\/schema\/logo\/image\/\"},\"sameAs\":[\"https:\/\/www.facebook.com\/fotokunstunterweser\/\",\"https:\/\/www.facebook.com\/search\/top?q=fotokunstunterweser\"]}]}<\/script>\n<!-- \/ Yoast SEO plugin. -->","yoast_head_json":{"title":"\u00dcber uns - fotokunst unterweser","robots":{"index":"index","follow":"follow","max-snippet":"max-snippet:-1","max-image-preview":"max-image-preview:large","max-video-preview":"max-video-preview:-1"},"canonical":"https:\/\/www.fotokunst-unterweser.de\/wordpress\/aboutus\/","og_locale":"de_DE","og_type":"article","og_title":"\u00dcber uns - fotokunst unterweser","og_description":"Im Juni 2016 hatte Alinda Heinrichs die Idee, mit ihren &#8222;digitalen&#8220; Fotofreunden den Schritt in die analoge Welt zu gehen und eine Ausstellung zu organisieren. Durch diese Anregung haben sich [&hellip;]","og_url":"https:\/\/www.fotokunst-unterweser.de\/wordpress\/aboutus\/","og_site_name":"fotokunst unterweser","article_publisher":"https:\/\/www.facebook.com\/fotokunstunterweser\/","article_modified_time":"2023-05-19T18:03:34+00:00","og_image":[{"url":"http:\/\/www.fotokunst-unterweser.de\/wordpress\/wp-content\/uploads\/2015\/10\/DSC5354.jpg","type":"","width":"","height":""}],"twitter_card":"summary_large_image","twitter_misc":{"Gesch\u00e4tzte Lesezeit":"1\u00a0Minute"},"schema":{"@context":"https:\/\/schema.org","@graph":[{"@type":"WebPage","@id":"https:\/\/www.fotokunst-unterweser.de\/wordpress\/aboutus\/","url":"https:\/\/www.fotokunst-unterweser.de\/wordpress\/aboutus\/","name":"\u00dcber uns - fotokunst unterweser","isPartOf":{"@id":"https:\/\/www.fotokunst-unterweser.de\/wordpress\/#website"},"primaryImageOfPage":{"@id":"https:\/\/www.fotokunst-unterweser.de\/wordpress\/aboutus\/#primaryimage"},"image":{"@id":"https:\/\/www.fotokunst-unterweser.de\/wordpress\/aboutus\/#primaryimage"},"thumbnailUrl":"http:\/\/www.fotokunst-unterweser.de\/wordpress\/wp-content\/uploads\/2015\/10\/DSC5354.jpg","datePublished":"2015-10-21T13:36:38+00:00","dateModified":"2023-05-19T18:03:34+00:00","breadcrumb":{"@id":"https:\/\/www.fotokunst-unterweser.de\/wordpress\/aboutus\/#breadcrumb"},"inLanguage":"de","potentialAction":[{"@type":"ReadAction","target":["https:\/\/www.fotokunst-unterweser.de\/wordpress\/aboutus\/"]}]},{"@type":"ImageObject","inLanguage":"de","@id":"https:\/\/www.fotokunst-unterweser.de\/wordpress\/aboutus\/#primaryimage","url":"http:\/\/www.fotokunst-unterweser.de\/wordpress\/wp-content\/uploads\/2015\/10\/DSC5354.jpg","contentUrl":"http:\/\/www.fotokunst-unterweser.de\/wordpress\/wp-content\/uploads\/2015\/10\/DSC5354.jpg"},{"@type":"BreadcrumbList","@id":"https:\/\/www.fotokunst-unterweser.de\/wordpress\/aboutus\/#breadcrumb","itemListElement":[{"@type":"ListItem","position":1,"name":"Startseite","item":"https:\/\/www.fotokunst-unterweser.de\/wordpress\/"},{"@type":"ListItem","position":2,"name":"\u00dcber uns"}]},{"@type":"WebSite","@id":"https:\/\/www.fotokunst-unterweser.de\/wordpress\/#website","url":"https:\/\/www.fotokunst-unterweser.de\/wordpress\/","name":"fotokunst unterweser","description":"","publisher":{"@id":"https:\/\/www.fotokunst-unterweser.de\/wordpress\/#organization"},"potentialAction":[{"@type":"SearchAction","target":{"@type":"EntryPoint","urlTemplate":"https:\/\/www.fotokunst-unterweser.de\/wordpress\/?s={search_term_string}"},"query-input":{"@type":"PropertyValueSpecification","valueRequired":true,"valueName":"search_term_string"}}],"inLanguage":"de"},{"@type":"Organization","@id":"https:\/\/www.fotokunst-unterweser.de\/wordpress\/#organization","name":"fotokunst unterweser","url":"https:\/\/www.fotokunst-unterweser.de\/wordpress\/","logo":{"@type":"ImageObject","inLanguage":"de","@id":"https:\/\/www.fotokunst-unterweser.de\/wordpress\/#\/schema\/logo\/image\/","url":"https:\/\/www.fotokunst-unterweser.de\/wordpress\/wp-content\/uploads\/2017\/02\/Logo_300px.jpg","contentUrl":"https:\/\/www.fotokunst-unterweser.de\/wordpress\/wp-content\/uploads\/2017\/02\/Logo_300px.jpg","width":293,"height":124,"caption":"fotokunst unterweser"},"image":{"@id":"https:\/\/www.fotokunst-unterweser.de\/wordpress\/#\/schema\/logo\/image\/"},"sameAs":["https:\/\/www.facebook.com\/fotokunstunterweser\/","https:\/\/www.facebook.com\/search\/top?q=fotokunstunterweser"]}]}},"_links":{"self":[{"href":"https:\/\/www.fotokunst-unterweser.de\/wordpress\/wp-json\/wp\/v2\/pages\/2","targetHints":{"allow":["GET"]}}],"collection":[{"href":"https:\/\/www.fotokunst-unterweser.de\/wordpress\/wp-json\/wp\/v2\/pages"}],"about":[{"href":"https:\/\/www.fotokunst-unterweser.de\/wordpress\/wp-json\/wp\/v2\/types\/page"}],"author":[{"embeddable":true,"href":"https:\/\/www.fotokunst-unterweser.de\/wordpress\/wp-json\/wp\/v2\/users\/1"}],"replies":[{"embeddable":true,"href":"https:\/\/www.fotokunst-unterweser.de\/wordpress\/wp-json\/wp\/v2\/comments?post=2"}],"version-history":[{"count":21,"href":"https:\/\/www.fotokunst-unterweser.de\/wordpress\/wp-json\/wp\/v2\/pages\/2\/revisions"}],"predecessor-version":[{"id":1077,"href":"https:\/\/www.fotokunst-unterweser.de\/wordpress\/wp-json\/wp\/v2\/pages\/2\/revisions\/1077"}],"wp:attachment":[{"href":"https:\/\/www.fotokunst-unterweser.de\/wordpress\/wp-json\/wp\/v2\/media?parent=2"}],"curies":[{"name":"wp","href":"https:\/\/api.w.org\/{rel}","templated":true}]}}

Über uns

<p><a href="https://www.fotokunst-unterweser.de/wordpress/wp-content/uploads/2015/10/DSC5354.jpg"><img loading="lazy" decoding="async" class="alignnone size-full wp-image-86" src="https://www.fotokunst-unterweser.de/wordpress/wp-content/uploads/2015/10/DSC5354.jpg" alt="Bremerhaven, die Heimat der fotokunst unterweser" width="1920" height="789" srcset="https://www.fotokunst-unterweser.de/wordpress/wp-content/uploads/2015/10/DSC5354.jpg 1920w, https://www.fotokunst-unterweser.de/wordpress/wp-content/uploads/2015/10/DSC5354-300x123.jpg 300w, https://www.fotokunst-unterweser.de/wordpress/wp-content/uploads/2015/10/DSC5354-768x316.jpg 768w, https://www.fotokunst-unterweser.de/wordpress/wp-content/uploads/2015/10/DSC5354-1024x421.jpg 1024w" sizes="auto, (max-width: 1920px) 100vw, 1920px" /></a></p>
<p>Im Juni 2016 hatte Alinda Heinrichs die Idee, mit ihren &#8222;digitalen&#8220; Fotofreunden den Schritt in die analoge Welt zu gehen und eine Ausstellung zu organisieren. Durch diese Anregung haben sich 10 Fotofreunde, die sich allesamt aus den sozialen Netzwerken kennen, zum Projekt &#8222;fotokunst unterweser&#8220; zusammen gefunden. Das &#8222;analoge&#8220; Einzugsgebiet der Gruppe ist die Unterweser-Region mit dem Schwerpunkt Bremerhaven. Das künstlerische Einzugsgebiet reicht dagegen &#8222;von bis&#8220;.</p>
<p>Was uns eint, ist der individuelle Blick auf die Motive der Unterweser-Region. Ausgehend von Bremerhaven finden wir sie in der Region von Bremen bis Cuxhaven. Jeder von uns sieht dabei im gleichen Motiv etwas anderes, arbeitet seine Sicht der Dinge heraus: Bei Tages-<br />
oder bei Nachtlicht, im Detail oder in der Übersicht, digital oder analog. So ergibt sich eine Vielfalt der Betrachtung, die interessant, die manchmal ungewohnt ist, die zum Verweilen und Anschauen einlädt.</p>
<p>Wir sind weder eine typische Fotogruppe noch ein klassischer Fotostammtisch, sondern eine von den Möglichkeiten der sozialen Netzwerke geprägte Gemeinschaft. Wir haben gemeinsam viel Spaß und Freude an der Fotokunst und so ist manchmal auch der Weg das Ziel. In jedem Fall aber zählt für uns die Wirkung eines Bildes und nicht etwa eine &#8222;überperfekte&#8220; Bearbeitung, die bisweilen den Fotos Charme und Charakter nimmt.</p>
<p>Online treffen wir uns täglich, analog in regelmäßigen Abständen im Kultur- und Kreativzentrum <a href="http://www.fischkai57.de/aktuell" target="_blank" rel="noopener noreferrer">Fischkai 57</a> im Fischereihafen von Bremerhaven.</p>

<!-- This site is optimized with the Yoast SEO plugin v24.7 - https://yoast.com/wordpress/plugins/seo/ -->
<title>Über uns - fotokunst unterweser</title>
<meta name="robots" content="index, follow, max-snippet:-1, max-image-preview:large, max-video-preview:-1" />
<link rel="canonical" href="https://www.fotokunst-unterweser.de/wordpress/aboutus/" />
<meta property="og:locale" content="de_DE" />
<meta property="og:type" content="article" />
<meta property="og:title" content="Über uns - fotokunst unterweser" />
<meta property="og:description" content="Im Juni 2016 hatte Alinda Heinrichs die Idee, mit ihren &#8222;digitalen&#8220; Fotofreunden den Schritt in die analoge Welt zu gehen und eine Ausstellung zu organisieren. Durch diese Anregung haben sich [&hellip;]" />
<meta property="og:url" content="https://www.fotokunst-unterweser.de/wordpress/aboutus/" />
<meta property="og:site_name" content="fotokunst unterweser" />
<meta property="article:publisher" content="https://www.facebook.com/fotokunstunterweser/" />
<meta property="article:modified_time" content="2023-05-19T18:03:34+00:00" />
<meta property="og:image" content="http://www.fotokunst-unterweser.de/wordpress/wp-content/uploads/2015/10/DSC5354.jpg" />
<meta name="twitter:card" content="summary_large_image" />
<meta name="twitter:label1" content="Geschätzte Lesezeit" />
	<meta name="twitter:data1" content="1 Minute" />
<script type="application/ld+json" class="yoast-schema-graph">{"@context":"https://schema.org","@graph":[{"@type":"WebPage","@id":"https://www.fotokunst-unterweser.de/wordpress/aboutus/","url":"https://www.fotokunst-unterweser.de/wordpress/aboutus/","name":"Über uns - fotokunst unterweser","isPartOf":{"@id":"https://www.fotokunst-unterweser.de/wordpress/#website"},"primaryImageOfPage":{"@id":"https://www.fotokunst-unterweser.de/wordpress/aboutus/#primaryimage"},"image":{"@id":"https://www.fotokunst-unterweser.de/wordpress/aboutus/#primaryimage"},"thumbnailUrl":"http://www.fotokunst-unterweser.de/wordpress/wp-content/uploads/2015/10/DSC5354.jpg","datePublished":"2015-10-21T13:36:38+00:00","dateModified":"2023-05-19T18:03:34+00:00","breadcrumb":{"@id":"https://www.fotokunst-unterweser.de/wordpress/aboutus/#breadcrumb"},"inLanguage":"de","potentialAction":[{"@type":"ReadAction","target":["https://www.fotokunst-unterweser.de/wordpress/aboutus/"]}]},{"@type":"ImageObject","inLanguage":"de","@id":"https://www.fotokunst-unterweser.de/wordpress/aboutus/#primaryimage","url":"http://www.fotokunst-unterweser.de/wordpress/wp-content/uploads/2015/10/DSC5354.jpg","contentUrl":"http://www.fotokunst-unterweser.de/wordpress/wp-content/uploads/2015/10/DSC5354.jpg"},{"@type":"BreadcrumbList","@id":"https://www.fotokunst-unterweser.de/wordpress/aboutus/#breadcrumb","itemListElement":[{"@type":"ListItem","position":1,"name":"Startseite","item":"https://www.fotokunst-unterweser.de/wordpress/"},{"@type":"ListItem","position":2,"name":"Über uns"}]},{"@type":"WebSite","@id":"https://www.fotokunst-unterweser.de/wordpress/#website","url":"https://www.fotokunst-unterweser.de/wordpress/","name":"fotokunst unterweser","description":"","publisher":{"@id":"https://www.fotokunst-unterweser.de/wordpress/#organization"},"potentialAction":[{"@type":"SearchAction","target":{"@type":"EntryPoint","urlTemplate":"https://www.fotokunst-unterweser.de/wordpress/?s={search_term_string}"},"query-input":{"@type":"PropertyValueSpecification","valueRequired":true,"valueName":"search_term_string"}}],"inLanguage":"de"},{"@type":"Organization","@id":"https://www.fotokunst-unterweser.de/wordpress/#organization","name":"fotokunst unterweser","url":"https://www.fotokunst-unterweser.de/wordpress/","logo":{"@type":"ImageObject","inLanguage":"de","@id":"https://www.fotokunst-unterweser.de/wordpress/#/schema/logo/image/","url":"https://www.fotokunst-unterweser.de/wordpress/wp-content/uploads/2017/02/Logo_300px.jpg","contentUrl":"https://www.fotokunst-unterweser.de/wordpress/wp-content/uploads/2017/02/Logo_300px.jpg","width":293,"height":124,"caption":"fotokunst unterweser"},"image":{"@id":"https://www.fotokunst-unterweser.de/wordpress/#/schema/logo/image/"},"sameAs":["https://www.facebook.com/fotokunstunterweser/","https://www.facebook.com/search/top?q=fotokunstunterweser"]}]}</script>
<!-- / Yoast SEO plugin. -->

Über uns - fotokunst unterweser
