{"id":134,"date":"2017-04-18T21:57:38","date_gmt":"2017-04-18T19:57:38","guid":{"rendered":"http:\/\/www.fotokunst-unterweser.de\/wordpress\/?page_id=134"},"modified":"2018-05-11T12:22:55","modified_gmt":"2018-05-11T10:22:55","slug":"magische-augenblicke-ausstellung-vom-01-31-07-2017","status":"publish","type":"page","link":"https:\/\/www.fotokunst-unterweser.de\/wordpress\/magische-augenblicke-ausstellung-vom-01-31-07-2017\/","title":{"rendered":"Magische AugenBlicke &#8211; Ausstellung vom 01.-31.07.2017"},"content":{"rendered":"<div id=\"attachment_135\" style=\"width: 1602px\" class=\"wp-caption alignnone\"><a href=\"https:\/\/www.fotokunst-unterweser.de\/wordpress\/wp-content\/uploads\/2017\/04\/DSC9403.jpg\"><img loading=\"lazy\" decoding=\"async\" aria-describedby=\"caption-attachment-135\" class=\"size-full wp-image-135\" src=\"https:\/\/www.fotokunst-unterweser.de\/wordpress\/wp-content\/uploads\/2017\/04\/DSC9403.jpg\" alt=\"Magische AugenBlicke\" width=\"1592\" height=\"1040\" srcset=\"https:\/\/www.fotokunst-unterweser.de\/wordpress\/wp-content\/uploads\/2017\/04\/DSC9403.jpg 1592w, https:\/\/www.fotokunst-unterweser.de\/wordpress\/wp-content\/uploads\/2017\/04\/DSC9403-300x196.jpg 300w, https:\/\/www.fotokunst-unterweser.de\/wordpress\/wp-content\/uploads\/2017\/04\/DSC9403-768x502.jpg 768w, https:\/\/www.fotokunst-unterweser.de\/wordpress\/wp-content\/uploads\/2017\/04\/DSC9403-1024x669.jpg 1024w\" sizes=\"auto, (max-width: 1592px) 100vw, 1592px\" \/><\/a><p id=\"caption-attachment-135\" class=\"wp-caption-text\">Kultur- und Kreativzentrum<\/p><\/div>\n<h2>Magische AugenBlicke<\/h2>\n<p>Dies ist der Titel unserer ersten Ausstellung. Sie findet vom <b><u>01. bis 31. Juli 2017<\/u><\/b> im Kultur- und Kreativzentrum <a href=\"http:\/\/www.fischkai57.de\" target=\"_blank\" rel=\"noopener noreferrer\">Fischkai 57<\/a> im Fischereihafen von Bremerhaven statt. Dort zeigen 11 Fotografen ihre Interpretation des Themas &#8222;Magische AugenBlicke&#8220;. In diesem Fall geht es nicht um die m\u00f6glichst kurze Zeiteinheit eines Augenblicks, sondern um die Magie eines Augen-Blick, wenn sich 2 Menschen in die Augen schauen oder ein Fotograf mit seinem Motiv eins wird. Diesem Moment der Konzentration &#8211; den AugenBlick &#8211; wohnt ein hohes Ma\u00df an Magie inne. Diese Augen-Blicke mit den Motiven aus der UnterweserRegion von Bremen bis Cuxhaven zu zeigen, ist Ziel unserer Ausstellung.<\/p>\n<p>Neben der Unterst\u00fctzung, die wir allein durch die M\u00f6glichkeit der Pr\u00e4sentation unserer Arbeiten im Fischkai57 erfahren haben, freuen wir uns \u00fcber die Mitwirkung aus dem Hause Saal Digital Fotoservice GmbH. <a href=\"http:\/\/www.saal-digital.de\/\" target=\"_blank\" rel=\"noopener\"><img loading=\"lazy\" decoding=\"async\" class=\"size-full wp-image-855 alignleft\" src=\"https:\/\/www.fotokunst-unterweser.de\/wordpress\/wp-content\/uploads\/2017\/04\/18618502_1108991409245701_207523489_o-e1495359394893.jpg\" alt=\"\" width=\"240\" height=\"141\"><\/a> Ihr Sponsoring erlaubt es uns, unsere Werke in einer auch f\u00fcr den Betrachter besonderen Qualit\u00e4t zu pr\u00e4sentieren.<\/p>\n<p>Die Ausstellung ist von <b><u>Dienstag bis Sonntag, jeweils von 12:30 bis 19:00<\/u><\/b> ge\u00f6ffnet. Der Eintritt ist frei.<\/p>\n<p>Das ebenfalls dort beheimatete Grete&#8217;s Cafe am Kai l\u00e4dt anschlie\u00dfend zu einer gem\u00fctlichen Kaffeerunde ein, bei der das Gesehene noch noch einmal diskutiert werden kann.<\/p>\n<p>&nbsp;<\/p>\n","protected":false},"excerpt":{"rendered":"<p>Magische AugenBlicke Dies ist der Titel unserer ersten Ausstellung. Sie findet vom 01. bis 31. Juli 2017 im Kultur- und Kreativzentrum Fischkai 57 im Fischereihafen von Bremerhaven statt. Dort zeigen [&hellip;]<\/p>\n","protected":false},"author":5,"featured_media":0,"parent":0,"menu_order":0,"comment_status":"closed","ping_status":"closed","template":"","meta":{"ngg_post_thumbnail":0,"footnotes":""},"class_list":["post-134","page","type-page","status-publish","hentry"],"yoast_head":"<!-- This site is optimized with the Yoast SEO plugin v24.7 - https:\/\/yoast.com\/wordpress\/plugins\/seo\/ -->\n<title>Magische AugenBlicke - Ausstellung vom 01.-31.07.2017 - fotokunst unterweser<\/title>\n<meta name=\"robots\" content=\"index, follow, max-snippet:-1, max-image-preview:large, max-video-preview:-1\" \/>\n<link rel=\"canonical\" href=\"https:\/\/www.fotokunst-unterweser.de\/wordpress\/magische-augenblicke-ausstellung-vom-01-31-07-2017\/\" \/>\n<meta property=\"og:locale\" content=\"de_DE\" \/>\n<meta property=\"og:type\" content=\"article\" \/>\n<meta property=\"og:title\" content=\"Magische AugenBlicke - Ausstellung vom 01.-31.07.2017 - fotokunst unterweser\" \/>\n<meta property=\"og:description\" content=\"Magische AugenBlicke Dies ist der Titel unserer ersten Ausstellung. Sie findet vom 01. bis 31. Juli 2017 im Kultur- und Kreativzentrum Fischkai 57 im Fischereihafen von Bremerhaven statt. Dort zeigen [&hellip;]\" \/>\n<meta property=\"og:url\" content=\"https:\/\/www.fotokunst-unterweser.de\/wordpress\/magische-augenblicke-ausstellung-vom-01-31-07-2017\/\" \/>\n<meta property=\"og:site_name\" content=\"fotokunst unterweser\" \/>\n<meta property=\"article:publisher\" content=\"https:\/\/www.facebook.com\/fotokunstunterweser\/\" \/>\n<meta property=\"article:modified_time\" content=\"2018-05-11T10:22:55+00:00\" \/>\n<meta property=\"og:image\" content=\"http:\/\/www.fotokunst-unterweser.de\/wordpress\/wp-content\/uploads\/2017\/04\/DSC9403.jpg\" \/>\n<meta name=\"twitter:card\" content=\"summary_large_image\" \/>\n<meta name=\"twitter:label1\" content=\"Gesch\u00e4tzte Lesezeit\" \/>\n\t<meta name=\"twitter:data1\" content=\"1\u00a0Minute\" \/>\n<script type=\"application\/ld+json\" class=\"yoast-schema-graph\">{\"@context\":\"https:\/\/schema.org\",\"@graph\":[{\"@type\":\"WebPage\",\"@id\":\"https:\/\/www.fotokunst-unterweser.de\/wordpress\/magische-augenblicke-ausstellung-vom-01-31-07-2017\/\",\"url\":\"https:\/\/www.fotokunst-unterweser.de\/wordpress\/magische-augenblicke-ausstellung-vom-01-31-07-2017\/\",\"name\":\"Magische AugenBlicke - Ausstellung vom 01.-31.07.2017 - fotokunst unterweser\",\"isPartOf\":{\"@id\":\"https:\/\/www.fotokunst-unterweser.de\/wordpress\/#website\"},\"primaryImageOfPage\":{\"@id\":\"https:\/\/www.fotokunst-unterweser.de\/wordpress\/magische-augenblicke-ausstellung-vom-01-31-07-2017\/#primaryimage\"},\"image\":{\"@id\":\"https:\/\/www.fotokunst-unterweser.de\/wordpress\/magische-augenblicke-ausstellung-vom-01-31-07-2017\/#primaryimage\"},\"thumbnailUrl\":\"http:\/\/www.fotokunst-unterweser.de\/wordpress\/wp-content\/uploads\/2017\/04\/DSC9403.jpg\",\"datePublished\":\"2017-04-18T19:57:38+00:00\",\"dateModified\":\"2018-05-11T10:22:55+00:00\",\"breadcrumb\":{\"@id\":\"https:\/\/www.fotokunst-unterweser.de\/wordpress\/magische-augenblicke-ausstellung-vom-01-31-07-2017\/#breadcrumb\"},\"inLanguage\":\"de\",\"potentialAction\":[{\"@type\":\"ReadAction\",\"target\":[\"https:\/\/www.fotokunst-unterweser.de\/wordpress\/magische-augenblicke-ausstellung-vom-01-31-07-2017\/\"]}]},{\"@type\":\"ImageObject\",\"inLanguage\":\"de\",\"@id\":\"https:\/\/www.fotokunst-unterweser.de\/wordpress\/magische-augenblicke-ausstellung-vom-01-31-07-2017\/#primaryimage\",\"url\":\"http:\/\/www.fotokunst-unterweser.de\/wordpress\/wp-content\/uploads\/2017\/04\/DSC9403.jpg\",\"contentUrl\":\"http:\/\/www.fotokunst-unterweser.de\/wordpress\/wp-content\/uploads\/2017\/04\/DSC9403.jpg\"},{\"@type\":\"BreadcrumbList\",\"@id\":\"https:\/\/www.fotokunst-unterweser.de\/wordpress\/magische-augenblicke-ausstellung-vom-01-31-07-2017\/#breadcrumb\",\"itemListElement\":[{\"@type\":\"ListItem\",\"position\":1,\"name\":\"Startseite\",\"item\":\"https:\/\/www.fotokunst-unterweser.de\/wordpress\/\"},{\"@type\":\"ListItem\",\"position\":2,\"name\":\"Magische AugenBlicke &#8211; Ausstellung vom 01.-31.07.2017\"}]},{\"@type\":\"WebSite\",\"@id\":\"https:\/\/www.fotokunst-unterweser.de\/wordpress\/#website\",\"url\":\"https:\/\/www.fotokunst-unterweser.de\/wordpress\/\",\"name\":\"fotokunst unterweser\",\"description\":\"\",\"publisher\":{\"@id\":\"https:\/\/www.fotokunst-unterweser.de\/wordpress\/#organization\"},\"potentialAction\":[{\"@type\":\"SearchAction\",\"target\":{\"@type\":\"EntryPoint\",\"urlTemplate\":\"https:\/\/www.fotokunst-unterweser.de\/wordpress\/?s={search_term_string}\"},\"query-input\":{\"@type\":\"PropertyValueSpecification\",\"valueRequired\":true,\"valueName\":\"search_term_string\"}}],\"inLanguage\":\"de\"},{\"@type\":\"Organization\",\"@id\":\"https:\/\/www.fotokunst-unterweser.de\/wordpress\/#organization\",\"name\":\"fotokunst unterweser\",\"url\":\"https:\/\/www.fotokunst-unterweser.de\/wordpress\/\",\"logo\":{\"@type\":\"ImageObject\",\"inLanguage\":\"de\",\"@id\":\"https:\/\/www.fotokunst-unterweser.de\/wordpress\/#\/schema\/logo\/image\/\",\"url\":\"https:\/\/www.fotokunst-unterweser.de\/wordpress\/wp-content\/uploads\/2017\/02\/Logo_300px.jpg\",\"contentUrl\":\"https:\/\/www.fotokunst-unterweser.de\/wordpress\/wp-content\/uploads\/2017\/02\/Logo_300px.jpg\",\"width\":293,\"height\":124,\"caption\":\"fotokunst unterweser\"},\"image\":{\"@id\":\"https:\/\/www.fotokunst-unterweser.de\/wordpress\/#\/schema\/logo\/image\/\"},\"sameAs\":[\"https:\/\/www.facebook.com\/fotokunstunterweser\/\",\"https:\/\/www.facebook.com\/search\/top?q=fotokunstunterweser\"]}]}<\/script>\n<!-- \/ Yoast SEO plugin. -->","yoast_head_json":{"title":"Magische AugenBlicke - Ausstellung vom 01.-31.07.2017 - fotokunst unterweser","robots":{"index":"index","follow":"follow","max-snippet":"max-snippet:-1","max-image-preview":"max-image-preview:large","max-video-preview":"max-video-preview:-1"},"canonical":"https:\/\/www.fotokunst-unterweser.de\/wordpress\/magische-augenblicke-ausstellung-vom-01-31-07-2017\/","og_locale":"de_DE","og_type":"article","og_title":"Magische AugenBlicke - Ausstellung vom 01.-31.07.2017 - fotokunst unterweser","og_description":"Magische AugenBlicke Dies ist der Titel unserer ersten Ausstellung. Sie findet vom 01. bis 31. Juli 2017 im Kultur- und Kreativzentrum Fischkai 57 im Fischereihafen von Bremerhaven statt. Dort zeigen [&hellip;]","og_url":"https:\/\/www.fotokunst-unterweser.de\/wordpress\/magische-augenblicke-ausstellung-vom-01-31-07-2017\/","og_site_name":"fotokunst unterweser","article_publisher":"https:\/\/www.facebook.com\/fotokunstunterweser\/","article_modified_time":"2018-05-11T10:22:55+00:00","og_image":[{"url":"http:\/\/www.fotokunst-unterweser.de\/wordpress\/wp-content\/uploads\/2017\/04\/DSC9403.jpg","type":"","width":"","height":""}],"twitter_card":"summary_large_image","twitter_misc":{"Gesch\u00e4tzte Lesezeit":"1\u00a0Minute"},"schema":{"@context":"https:\/\/schema.org","@graph":[{"@type":"WebPage","@id":"https:\/\/www.fotokunst-unterweser.de\/wordpress\/magische-augenblicke-ausstellung-vom-01-31-07-2017\/","url":"https:\/\/www.fotokunst-unterweser.de\/wordpress\/magische-augenblicke-ausstellung-vom-01-31-07-2017\/","name":"Magische AugenBlicke - Ausstellung vom 01.-31.07.2017 - fotokunst unterweser","isPartOf":{"@id":"https:\/\/www.fotokunst-unterweser.de\/wordpress\/#website"},"primaryImageOfPage":{"@id":"https:\/\/www.fotokunst-unterweser.de\/wordpress\/magische-augenblicke-ausstellung-vom-01-31-07-2017\/#primaryimage"},"image":{"@id":"https:\/\/www.fotokunst-unterweser.de\/wordpress\/magische-augenblicke-ausstellung-vom-01-31-07-2017\/#primaryimage"},"thumbnailUrl":"http:\/\/www.fotokunst-unterweser.de\/wordpress\/wp-content\/uploads\/2017\/04\/DSC9403.jpg","datePublished":"2017-04-18T19:57:38+00:00","dateModified":"2018-05-11T10:22:55+00:00","breadcrumb":{"@id":"https:\/\/www.fotokunst-unterweser.de\/wordpress\/magische-augenblicke-ausstellung-vom-01-31-07-2017\/#breadcrumb"},"inLanguage":"de","potentialAction":[{"@type":"ReadAction","target":["https:\/\/www.fotokunst-unterweser.de\/wordpress\/magische-augenblicke-ausstellung-vom-01-31-07-2017\/"]}]},{"@type":"ImageObject","inLanguage":"de","@id":"https:\/\/www.fotokunst-unterweser.de\/wordpress\/magische-augenblicke-ausstellung-vom-01-31-07-2017\/#primaryimage","url":"http:\/\/www.fotokunst-unterweser.de\/wordpress\/wp-content\/uploads\/2017\/04\/DSC9403.jpg","contentUrl":"http:\/\/www.fotokunst-unterweser.de\/wordpress\/wp-content\/uploads\/2017\/04\/DSC9403.jpg"},{"@type":"BreadcrumbList","@id":"https:\/\/www.fotokunst-unterweser.de\/wordpress\/magische-augenblicke-ausstellung-vom-01-31-07-2017\/#breadcrumb","itemListElement":[{"@type":"ListItem","position":1,"name":"Startseite","item":"https:\/\/www.fotokunst-unterweser.de\/wordpress\/"},{"@type":"ListItem","position":2,"name":"Magische AugenBlicke &#8211; Ausstellung vom 01.-31.07.2017"}]},{"@type":"WebSite","@id":"https:\/\/www.fotokunst-unterweser.de\/wordpress\/#website","url":"https:\/\/www.fotokunst-unterweser.de\/wordpress\/","name":"fotokunst unterweser","description":"","publisher":{"@id":"https:\/\/www.fotokunst-unterweser.de\/wordpress\/#organization"},"potentialAction":[{"@type":"SearchAction","target":{"@type":"EntryPoint","urlTemplate":"https:\/\/www.fotokunst-unterweser.de\/wordpress\/?s={search_term_string}"},"query-input":{"@type":"PropertyValueSpecification","valueRequired":true,"valueName":"search_term_string"}}],"inLanguage":"de"},{"@type":"Organization","@id":"https:\/\/www.fotokunst-unterweser.de\/wordpress\/#organization","name":"fotokunst unterweser","url":"https:\/\/www.fotokunst-unterweser.de\/wordpress\/","logo":{"@type":"ImageObject","inLanguage":"de","@id":"https:\/\/www.fotokunst-unterweser.de\/wordpress\/#\/schema\/logo\/image\/","url":"https:\/\/www.fotokunst-unterweser.de\/wordpress\/wp-content\/uploads\/2017\/02\/Logo_300px.jpg","contentUrl":"https:\/\/www.fotokunst-unterweser.de\/wordpress\/wp-content\/uploads\/2017\/02\/Logo_300px.jpg","width":293,"height":124,"caption":"fotokunst unterweser"},"image":{"@id":"https:\/\/www.fotokunst-unterweser.de\/wordpress\/#\/schema\/logo\/image\/"},"sameAs":["https:\/\/www.facebook.com\/fotokunstunterweser\/","https:\/\/www.facebook.com\/search\/top?q=fotokunstunterweser"]}]}},"_links":{"self":[{"href":"https:\/\/www.fotokunst-unterweser.de\/wordpress\/wp-json\/wp\/v2\/pages\/134","targetHints":{"allow":["GET"]}}],"collection":[{"href":"https:\/\/www.fotokunst-unterweser.de\/wordpress\/wp-json\/wp\/v2\/pages"}],"about":[{"href":"https:\/\/www.fotokunst-unterweser.de\/wordpress\/wp-json\/wp\/v2\/types\/page"}],"author":[{"embeddable":true,"href":"https:\/\/www.fotokunst-unterweser.de\/wordpress\/wp-json\/wp\/v2\/users\/5"}],"replies":[{"embeddable":true,"href":"https:\/\/www.fotokunst-unterweser.de\/wordpress\/wp-json\/wp\/v2\/comments?post=134"}],"version-history":[{"count":27,"href":"https:\/\/www.fotokunst-unterweser.de\/wordpress\/wp-json\/wp\/v2\/pages\/134\/revisions"}],"predecessor-version":[{"id":1130,"href":"https:\/\/www.fotokunst-unterweser.de\/wordpress\/wp-json\/wp\/v2\/pages\/134\/revisions\/1130"}],"wp:attachment":[{"href":"https:\/\/www.fotokunst-unterweser.de\/wordpress\/wp-json\/wp\/v2\/media?parent=134"}],"curies":[{"name":"wp","href":"https:\/\/api.w.org\/{rel}","templated":true}]}}